{"id":37,"date":"2024-03-11T18:31:00","date_gmt":"2024-03-11T23:31:00","guid":{"rendered":"https:\/\/jac-alcala-envigado.com\/?page_id=37"},"modified":"2024-04-04T15:51:00","modified_gmt":"2024-04-04T20:51:00","slug":"conformacion","status":"publish","type":"page","link":"https:\/\/jac-alcala-envigado.com\/index.php\/quienes-somos\/conformacion\/","title":{"rendered":"Conformaci\u00f3n"},"content":{"rendered":"\n<p> <\/p>\n\n\n\n<p><strong>La Junta de Acci\u00f3n Comunal Barrio Alcal\u00e1<\/strong> est\u00e1 conformada por todos los afiliados, registrados en el libro de afiliados; la Junta tiene 23 Dignatarios elegidos cada 4 a\u00f1os en Asamblea General de afiliados.<br><\/p>\n\n\n\n<p>La Junta, tiene una Mesa Directiva, conformada por: Presidente, Vicepresidente, Tesorero, Secretario y los cuatro coordinadores de las Comisiones de Trabajo.<\/p>\n\n\n\n<p>El Fiscal y su suplente.<\/p>\n\n\n\n<p>Tres dignatarios que conforman la comisi\u00f3n de Convivencia y Conciliaci\u00f3n.<\/p>\n\n\n\n<p>Cinco delegados y sus suplentes a <strong>Asocomuna<\/strong>l.<\/p>\n\n\n\n<p>Dos representantes por la JAC ante el <strong>Comit\u00e9 Zonal de Planeaci\u00f3n Participativa<\/strong>, <strong>Zona 8<\/strong>.<\/p>\n","protected":false},"excerpt":{"rendered":"<p>La Junta de Acci\u00f3n Comunal Barrio Alcal\u00e1 est\u00e1 conformada por todos los afiliados, registrados en el libro de afiliados; la Junta tiene 23 Dignatarios elegidos cada 4 a\u00f1os en Asamblea General de afiliados. La Junta, tiene una Mesa Directiva, conformada por: Presidente, Vicepresidente, Tesorero, Secretario y los cuatro coordinadores de las Comisiones de Trabajo. El [&hellip;]<\/p>\n","protected":false},"author":1,"featured_media":0,"parent":25,"menu_order":0,"comment_status":"closed","ping_status":"closed","template":"","meta":{"om_disable_all_campaigns":false,"_monsterinsights_skip_tracking":false,"_monsterinsights_sitenote_active":false,"_monsterinsights_sitenote_note":"","_monsterinsights_sitenote_category":0,"footnotes":""},"aioseo_notices":[],"_links":{"self":[{"href":"https:\/\/jac-alcala-envigado.com\/index.php\/wp-json\/wp\/v2\/pages\/37"}],"collection":[{"href":"https:\/\/jac-alcala-envigado.com\/index.php\/wp-json\/wp\/v2\/pages"}],"about":[{"href":"https:\/\/jac-alcala-envigado.com\/index.php\/wp-json\/wp\/v2\/types\/page"}],"author":[{"embeddable":true,"href":"https:\/\/jac-alcala-envigado.com\/index.php\/wp-json\/wp\/v2\/users\/1"}],"replies":[{"embeddable":true,"href":"https:\/\/jac-alcala-envigado.com\/index.php\/wp-json\/wp\/v2\/comments?post=37"}],"version-history":[{"count":4,"href":"https:\/\/jac-alcala-envigado.com\/index.php\/wp-json\/wp\/v2\/pages\/37\/revisions"}],"predecessor-version":[{"id":134,"href":"https:\/\/jac-alcala-envigado.com\/index.php\/wp-json\/wp\/v2\/pages\/37\/revisions\/134"}],"up":[{"embeddable":true,"href":"https:\/\/jac-alcala-envigado.com\/index.php\/wp-json\/wp\/v2\/pages\/25"}],"wp:attachment":[{"href":"https:\/\/jac-alcala-envigado.com\/index.php\/wp-json\/wp\/v2\/media?parent=37"}],"curies":[{"name":"wp","href":"https:\/\/api.w.org\/{rel}","templated":true}]}}